1412656 (base 7) in base 12?
409682
What is -85be (base 16) in base 3?
-1201222002
What is 2021220002102 (base 3) in base 9?
2256072
-650796 (base 12) to base 10
-1597794
What is 5152650 (base 9) in base 12?
b08060
Convert -157155 (base 11) to base 5.
-30300004
What is -1522445 (base 6) in base 8?
-255235
What is 3551532 (base 6) in base 2?
101101010110010000
Convert -10331000220 (base 4) to base 6.
-43455240
What is 422420420 (base 5) in base 13?
499b07
Convert 3638991 (base 12) to base 13.
2248216
What is -3dd9d3 (base 16) in base 6?
-222514003
-3a938 (base 13) to base 5
-11443341
-331523 (base 6) to base 14
-a0d5
Convert -100110100010000000000100 (base 2) to base 15.
-d47c2a
What is 1324342253 (base 6) in base 9?
32811756
-3614140 (base 7) to base 15
-908e4
131445040 (base 6) to base 11
1519033
Convert -123111222112 (base 4) to base 8.
-33255226
What is -13797 (base 12) in base 4?
-12212203
What is 14438d (base 16) in base 14?
267d81
Convert -1210100111 (base 3) to base 4.
-20212300
403332324 (base 5) to base 8
6135744
-265172 (base 10) to base 15
-53882
What is -3ee8a (base 15) in base 3?
-101021122111
Convert 2055235 (base 6) to base 10.
100967
What is -31250215 (base 6) in base 12?
-37996b
Convert 5acb68 (base 14) to base 6.
150343000
Convert 4420013 (base 5) to base 3.
10212121101
What is -3043235 (base 7) in base 13?
-c9713
Convert -102022201022 (base 3) to base 4.
-312122102
Convert -1a1766 (base 14) to base 8.
-3420756
Convert 1df48f (base 16) to base 14.
391611
What is -51120 (base 9) in base 3?
-1201010200
Convert 78754 (base 14) to base 3.
112211222022
What is -67a707 (base 11) in base 3?
-2001000112112
714bb (base 15) to base 10
358826
Convert -888458 (base 9) to base 10.
-531089
Convert 10001101101101010 (base 2) to base 7.
421346
What is -50c172 (base 15) in base 9?
-7188308
579416a (base 12) to base 2
1000000010101100011100010
What is -b2f38 (base 16) in base 6?
-23413240
Convert 5742236 (base 10) to base 5.
2432222421
Convert -41013452 (base 7) to base 12.
-1188678
Convert -2120110222222 (base 3) to base 5.
-322230403
Convert 20022012100222 (base 3) to base 14.
632bd6
Convert -1148742 (base 9) to base 2.
-10011000001001000011
Convert -22121122122202 (base 3) to base 7.
-53631545
-1100111100100001011110 (base 2) to base 14
-644a62
5a18b6 (base 12) to base 4
11203013022
What is 10122220200201 (base 3) in base 16?
1db537
Convert -132dca (base 14) to base 5.
-132130121
What is 21101020110220 (base 3) in base 11?
2239427
-241322 (base 9) to base 6
-3040502
What is 1a901 (base 12) in base 2?
1001100110010001
452237 (base 12) to base 4
10031033023
46046112 (base 7) to base 8
17233412
Convert -51916a (base 14) to base 15.
-395867
What is 273555 (base 10) in base 2?
1000010110010010011
-32023313000 (base 4) to base 6
-211411412
-58275 (base 12) to base 15
-24ddb
What is -981b (base 12) in base 2?
-100000101010111
Convert 1010010010110100 (base 2) to base 16.
a4b4
What is -6a4a5 (base 12) in base 8?
-426075
What is 20412444 (base 5) in base 10?
169749
What is 1000011001010111 (base 2) in base 5?
2100031
What is -45302303 (base 6) in base 2?
-101010000001001111111
Convert 278991 (base 10) to base 9.
464630
Convert 384797 (base 11) to base 6.
21000050
Convert -2245084 (base 9) to base 8.
-4475101
What is -2cab4a (base 14) in base 3?
-2221120120012
2053105 (base 7) to base 3
110121201111
What is 241040502 (base 6) in base 7?
53340623
What is -212230203 (base 5) in base 6?
-31133043
-a59fa6 (base 16) to base 14
-162791c
Convert -3071676 (base 8) to base 5.
-202103222
1466d9c (base 14) to base 3
200200112001111
Convert -111001001010111000010101 (base 2) to base 7.
-241246134
What is 187c775 (base 13) in base 7?
125131460
Convert -5119 (base 14) to base 12.
-8097
What is -397057 (base 12) in base 16?
-e6c83
-201033231 (base 4) to base 14
-378a9
-11263826 (base 9) to base 5
-2400142413
191411 (base 11) to base 12
12261b
What is 14454105 (base 6) in base 14?
d20ad
-1001111111000101100 (base 2) to base 7
-2531654
Convert 101314202 (base 5) to base 15.
8376c
-2843758 (base 10) to base 16
-2b646e
What is 154123 (base 8) in base 6?
1104215
Convert -35324063 (base 7) to base 5.
-1244144024
What is 220101000 (base 4) in base 6?
3311320
107a37 (base 12) to base 10
262411
What is -3fcdc2 (base 16) in base 10?
-4181442
What is -10222100222100 (base 3) in base 13?
-58cc08
-2327c (base 16) to base 14
-3a696
Convert 5553311 (base 6) to base 11.
180a13
-100515123 (base 6) to base 5
-420032143
Convert -4497 (base 10) to base 3.
-20011120
What is -1a065a (base 11) in base 16?
-4b41c
2501250 (base 8) to base 16
a82a8
What is 7683a (base 12) in base 9?
257871
Convert 1540129 (base 10) to base 3.
2220020122211
Convert -4ae0 (base 16) to base 4.
-10223200
Convert -762457 (base 12) to base 8.
-7105003
What is -582305 (base 12) in base 4?
-11121030311
-1b63c2 (base 15) to base 11
-83385a
What is 11011101011111000001 (base 2) in base 9?
1632401
Convert 23031544 (base 7) to base 11.
1151594
141144 (base 6) to base 16
33b8
What is 4043441 (base 6) in base 9?
323207
What is -3217527 (base 8) in base 12?
-35581b
What is 1034542 (base 6) in base 7?
303323
What is 30226 (base 9) in base 10?
19869
-5454135 (base 8) to base 7
-15306266
-1d103 (base 15) to base 2
-10111001000001000
What is -100110100101100011011110 (base 2) in base 15?
-d4c1ce
25040403 (base 6) to base 13
21c59a
10202231211 (base 4) to base 5
301101012
Convert -12142224 (base 5) to base 8.
-341162
Convert -3012313210 (base 4) to base 14.
-172bd2
1015180 (base 10) to base 13
2970ca
1212104031 (base 5) to base 13
789061
What is 48778 (base 10) in base 4?
23322022
-165ecd (base 15) to base 10
-1083343
-2566120 (base 7) to base 3
-122001201021
13a62 (base 12) to base 8
65452
-1001101011101011100000 (base 2) to base 4
-21223223200
-210111102120 (base 3) to base 8
-1472334
What is 60187 (base 13) in base 11?
107a62
What is 99612 (base 11) in base 6?
3032531
-153163235 (base 7) to base 5
-10112032304
b14a7 (base 13) to base 11
1a7337
What is 10021213123 (base 4) in base 12?
445737
What is 110011010101001100100101 (base 2) in base 3?
221022122101111
What is 225412 (base 6) in base 11?
13615
-10345275 (base 8) to base 9
-4144754
-14111314003 (base 5) to base 16
-113c5ab
Convert -129a45 (base 12) to base 3.
-120121121022
126931 (base 12) to base 2
1001001101110110101
Convert 201211020 (base 4) to base 2.
100001100101001000
What is -263845 (base 9) in base 7?
-1235315
Convert -1374163 (base 10) to base 16.
-14f7d3
-1010000010111110001 (base 2) to base 13
-b6ac2
52b90b (base 14) to base 8
12530527
-82104 (base 10) to base 7
-461241
What is -2450120 (base 6) in base 5?
-13142234
-112546 (base 10) to base 7
-646060
What is 222021102010 (base 3) in base 2?
1111110010000101001
-122334421 (base 5) to base 6
-20351230
-60693 (base 14) to base 12
-b2189
What is -1101010100100011110 (base 2) in base 16?
-6a91e
What is -10001110011101111 (base 2) in base 9?
-121047
Convert 101111001101100011 (base 2) to base 8.
571543
Convert -1032133430 (base 5) to base 6.
-115401224
Convert -5b9600 (base 12) to base 14.
-2aa73a
-175018 (base 9) to base 5
-11434023
Convert -1110100001000110011011 (base 2) to base 12.
-133638b
Convert -22984 (base 10) to base 8.
-54710
130a150 (base 11) to base 3
11021020101102
What is -222010201 (base 4) in base 9?
-282337
What is -1583771 (base 15) in base 13?
-3304723
-315305 (base 7) to base 4
-31112201
31310110 (base 4) to base 15
11b81
105522322 (base 6) to base 2
111011101010001101010
Convert -1744760 (base 9) to base 3.
-1211111212000
10111111110110000 (base 2) to base 14
27b20
-63493 (base 11) to base 10
-92425
Convert 154443355 (base 6) to base 7.
40034510
What is -616097 (base 13) in base 11?
-1310226
Convert -35662653 (base 7) to base 2.
-1100000111001011100100
Convert 2314442312 (base 5) to base 2.
10011111101110110100010
-3061b (base 12) to base 3
-10012112212
What is 11011012112 (base 3) in base 14?
21b49
What is 113001021000 (base 4) in base 9?
12316056
12110221212 (base 3) to base 13
3a130
What is 26415326 (base 7) in base 12?
98b08b
Convert -623134 (base 7) to base 4.
-122003323
Convert -649886 (base 15) to base 5.
-2211303201
Convert -189801 (base 15) to base 10.
-1196551
750771 (base 9)